digit of 2012116793?
1
What is the hundreds digit of 12169487?
4
What is the ten millions digit of 3842360181?
4
What is the thousands digit of 45340032?
0
What is the hundred millions digit of 155956136?
1
What is the hundred thousands digit of 571895580?
8
What is the tens digit of 328790322?
2
What is the millions digit of 2001222702?
1
What is the thousands digit of 62286469?
6
What is the ten millions digit of 131966968?
3
What is the thousands digit of 5612782?
2
What is the hundreds digit of 1646603082?
0
What is the tens digit of 212348?
4
What is the millions digit of 34893728?
4
What is the tens digit of 429202726?
2
What is the ten thousands digit of 2258927325?
2
What is the ten millions digit of 6365421598?
6
What is the ten thousands digit of 741883750?
8
What is the ten millions digit of 2092256553?
9
What is the hundreds digit of 337819?
8
What is the ten thousands digit of 3021790982?
9
What is the hundred millions digit of 271955210?
2
What is the hundred thousands digit of 1062740405?
7
What is the ten millions digit of 3692848423?
9
What is the units digit of 99761019?
9
What is the ten thousands digit of 54078563?
7
What is the ten millions digit of 43257544?
4
What is the ten thousands digit of 63919625?
1
What is the millions digit of 2691919410?
1
What is the millions digit of 371082694?
1
What is the hundred thousands digit of 78915471?
9
What is the units digit of 613038223?
3
What is the ten millions digit of 2672125108?
7
What is the hundred thousands digit of 167460819?
4
What is the millions digit of 2300499094?
0
What is the millions digit of 52645802?
2
What is the tens digit of 67731704?
0
What is the ten thousands digit of 7532405?
3
What is the hundreds digit of 6559564792?
7
What is the hundreds digit of 2486643264?
2
What is the hundreds digit of 212139315?
3
What is the thousands digit of 92163039?
3
What is the hundred thousands digit of 220877810?
8
What is the tens digit of 381821823?
2
What is the tens digit of 289216018?
1
What is the hundred thousands digit of 102326103?
3
What is the hundred millions digit of 123642079?
1
What is the ten thousands digit of 96580043?
8
What is the hundreds digit of 523718863?
8
What is the units digit of 222793892?
2
What is the tens digit of 889513828?
2
What is the ten thousands digit of 63638211?
3
What is the millions digit of 82320807?
2
What is the ten millions digit of 265616190?
6
What is the ten millions digit of 1109028858?
0
What is the thousands digit of 667240714?
0
What is the ten thousands digit of 12301432?
0
What is the hundreds digit of 77529485?
4
What is the hundreds digit of 338743505?
5
What is the ten thousands digit of 6152387256?
8
What is the thousands digit of 5858449214?
9
What is the ten millions digit of 2249345453?
4
What is the millions digit of 48250921?
8
What is the tens digit of 516438441?
4
What is the millions digit of 6474381?
6
What is the ten thousands digit of 229755873?
5
What is the millions digit of 5313317852?
3
What is the tens digit of 74243066?
6
What is the hundreds digit of 31729793?
7
What is the thousands digit of 1670949980?
9
What is the tens digit of 70971225?
2
What is the thousands digit of 8604022053?
2
What is the ten millions digit of 184695781?
8
What is the hundred thousands digit of 21439420?
4
What is the tens digit of 5005343987?
8
What is the hundred thousands digit of 75256724?
2
What is the hundred thousands digit of 80332471?
3
What is the billions digit of 3103347574?
3
What is the tens digit of 4621336976?
7
What is the ten millions digit of 2350451728?
5
What is the hundred thousands digit of 10580897?
5
What is the hundred millions digit of 1090805634?
0
What is the ten thousands digit of 433086266?
8
What is the millions digit of 54763970?
4
What is the hundreds digit of 37714305?
3
What is the billions digit of 2058810408?
2
What is the millions digit of 39251672?
9
What is the hundreds digit of 1083697397?
3
What is the millions digit of 8331823?
8
What is the ten millions digit of 50785061?
5
What is the thousands digit of 132179889?
9
What is the hundreds digit of 379988280?
2
What is the hundred millions digit of 6112952397?
1
What is the ten millions digit of 198115575?
9
What is the tens digit of 31955850?
5
What is the ten thousands digit of 366977450?
7
What is the thousands digit of 1421100123?
0
What is the hundred millions digit of 642114023?
6
What is the hundreds digit of 44313666?
6
What is the thousands digit of 33483494?
3
What is the ten millions digit of 1338237837?
3
What is the ten thousands digit of 1583450144?
5
What is the millions digit of 2443332889?
3
What is the millions digit of 428292590?
8
What is the ten thousands digit of 9662340?
6
What is the hundreds digit of 29971640?
6
What is the tens digit of 438703454?
5
What is the thousands digit of 196806739?
6
What is the ten millions digit of 1393827670?
9
What is the hundred thousands digit of 86131445?
1
What is the hundreds digit of 40681484?
4
What is the hundred thousands digit of 28430723?
4
What is the hundred thousands digit of 165498993?
4
What is the millions digit of 402210585?
2
What is the tens digit of 1492975892?
9
What is the thousands digit of 36275711?
5
What is the thousands digit of 212633453?
3
What is the thousands digit of 540720445?
0
What is the millions digit of 221945092?
1
What is the tens digit of 869264466?
6
What is the units digit of 516901207?
7
What is the hundreds digit of 421208040?
0
What is the thousands digit of 1647552119?
2
What is the hundred millions digit of 114725620?
1
What is the hundred thousands digit of 46906880?
9
What is the units digit of 851906803?
3
What is the hundred millions digit of 2483020831?
4
What is the hundred thousands digit of 85108457?
1
What is the ten thousands digit of 1879894371?
9
What is the ten thousands digit of 37449380?
4
What is the millions digit of 784174698?
4
What is the thousands digit of 254047735?
7
What is the thousands digit of 104294010?
4
What is the hundred thousands digit of 459565883?
5
What is the hundred millions digit of 302800489?
3
What is the hundred thousands digit of 124749540?
7
What is the hundreds digit of 78999502?
5
What is the ten thousands digit of 1806560917?
6
What is the units digit of 2022176037?
7
What is the units digit of 495860394?
4
What is the millions digit of 383585320?
3
What is the hundred millions digit of 1577823483?
5
What is the thousands digit of 451487318?
7
What is the millions digit of 162848133?
2
What is the tens digit of 237158646?
4
What is the thousands digit of 2068948522?
8
What is the hundreds digit of 391140600?
6
What is the tens digit of 29356484?
8
What is the millions digit of 69054584?
9
What is the hundred thousands digit of 63905605?
9
What is the ten thousands digit of 2600019790?
1
What is the tens digit of 532636919?
1
What is the tens digit of 917468750?
5
What is the ten millions digit of 599736785?
9
What is the ten millions digit of 55911748?
5
What is the ten millions digit of 56646035?
5
What is the units digit of 6078960191?
1
What is the millions digit of 27204832?
7
What is the ten millions digit of 52360576?
5
What is the millions digit of 1033391874?
3
What is the ten thousands digit of 236503993?
0
What is the thousands digit of 76476128?
6
What is the hundreds digit of 66164735?
7
What is the tens digit of 58619980?
8
What is the hundred thousands digit of 134344181?
3
What is the millions digit of 535237961?
5
What is the tens digit of 3529741199?
9
What is the ten millions digit of 462079391?
6
What is the units digit of 37308923?
3
What is the ten thousands digit of 1109957025?
5
What is the units digit of 72906738?
8
What is the millions digit of 92568800?
2
What is the billions digit of 3536478279?
3
What is the thousands digit of 162445724?
5
What is the hundred thousands digit of 57911282?
9
What is the millions digit of 159460365?
9
What is the millions digit of 6535827?
6
What is the millions digit of 754327436?
4
What is the ten millions digit of 45572434?
4
What is the hundred millions digit of 517640991?
5
What is the tens digit of 54867559?
5
What is the tens digit of 935394519?
1
What is the hundreds digit of 500390518?
5
What is the ten